mmon divisor of 66330 and 19001070.
990
What is the greatest common factor of 169288374 and 2638?
2638
What is the greatest common factor of 57 and 12576328?
19
Calculate the highest common factor of 93686285 and 55.
55
Calculate the greatest common divisor of 572878 and 9289190.
5354
Calculate the greatest common divisor of 7828 and 327014700.
7828
What is the greatest common factor of 17473 and 18281?
101
Calculate the highest common factor of 317598 and 116616.
258
What is the highest common divisor of 1456279 and 28864?
451
Calculate the highest common factor of 184 and 3931436.
92
What is the highest common factor of 937505 and 6305?
485
Calculate the highest common divisor of 654 and 281565966.
654
What is the highest common factor of 17062392 and 24?
24
Calculate the highest common factor of 872 and 395888.
872
Calculate the greatest common divisor of 18 and 11366469.
9
Calculate the highest common factor of 133854875 and 22.
11
What is the highest common divisor of 914 and 1468148146?
914
Calculate the greatest common factor of 64181589 and 1252.
313
Calculate the greatest common factor of 15 and 1144312935.
15
Calculate the greatest common factor of 3004 and 2392962368.
3004
Calculate the highest common divisor of 255 and 1344495.
15
What is the highest common factor of 360 and 33348950?
10
Calculate the highest common divisor of 3258 and 6786414.
3258
What is the greatest common divisor of 195 and 50837709?
39
Calculate the greatest common factor of 150 and 2763175.
25
Calculate the greatest common factor of 7767380 and 80.
20
Calculate the greatest common factor of 21368895 and 1545.
1545
Calculate the highest common factor of 1377150 and 7200.
150
What is the highest common divisor of 55000 and 1938464?
88
Calculate the greatest common divisor of 4304 and 176580746.
538
Calculate the greatest common factor of 50 and 43030.
10
What is the highest common divisor of 1346167 and 1641487?
2461
What is the greatest common factor of 4827 and 166188783?
4827
What is the greatest common factor of 87545271 and 14322?
1023
What is the greatest common divisor of 373977 and 974187?
4617
What is the greatest common divisor of 46031290 and 6870?
2290
What is the greatest common divisor of 2123 and 180147?
11
Calculate the highest common divisor of 616408 and 269464.
104
Calculate the greatest common divisor of 5010663 and 29271.
2661
What is the highest common factor of 256 and 26652416?
256
What is the highest common factor of 17314 and 41690?
22
Calculate the greatest common divisor of 3678 and 4800.
6
Calculate the highest common factor of 2583570 and 2310.
330
What is the greatest common factor of 45552732 and 24?
12
What is the highest common factor of 32287 and 2534335?
389
Calculate the greatest common factor of 2820113 and 209.
19
Calculate the highest common factor of 3692 and 113864972.
3692
What is the highest common factor of 234 and 1328886?
234
Calculate the greatest common divisor of 10186 and 64152.
22
Calculate the highest common factor of 25164136 and 824.
824
What is the highest common divisor of 32400 and 19360?
80
Calculate the highest common factor of 5985 and 2095947.
1197
Calculate the highest common factor of 2796 and 23875524.
12
Calculate the highest common factor of 547688 and 51144.
8
Calculate the highest common divisor of 679892 and 122822.
62
What is the highest common divisor of 907649 and 50623?
713
What is the greatest common factor of 331845 and 20685?
15
What is the highest common factor of 2613 and 280677?
3
Calculate the greatest common divisor of 38529 and 1218658.
1427
Calculate the highest common factor of 1158 and 88573490.
386
Calculate the greatest common factor of 13950810 and 135.
45
Calculate the greatest common divisor of 105 and 50741.
1
What is the greatest common divisor of 645 and 993180?
15
Calculate the greatest common factor of 35451 and 3426021.
909
What is the greatest common divisor of 310040 and 12328?
184
What is the greatest common factor of 78 and 81652727?
13
Calculate the greatest common factor of 360326627 and 43.
43
Calculate the greatest common factor of 2381078 and 371.
371
Calculate the highest common divisor of 8256 and 40343718.
258
What is the highest common divisor of 44998 and 1675654?
298
Calculate the highest common factor of 67551 and 2115619.
979
Calculate the highest common factor of 122846471 and 6001.
6001
What is the greatest common factor of 1669807 and 484415?
5699
What is the highest common factor of 22494 and 7176?
138
What is the highest common factor of 837593 and 3?
1
Calculate the greatest common factor of 3649227 and 93.
93
Calculate the highest common divisor of 254292 and 15222.
6
Calculate the greatest common factor of 21 and 349089538.
7
What is the greatest common factor of 60277305 and 165?
165
Calculate the greatest common divisor of 9545 and 17158.
23
What is the greatest common divisor of 88767273 and 147?
147
Calculate the highest common divisor of 188806 and 61506.
134
What is the highest common factor of 3656 and 375561686?
914
Calculate the highest common factor of 14590 and 11710.
10
What is the highest common factor of 381 and 454129267?
127
What is the highest common divisor of 20 and 70411160?
20
What is the highest common divisor of 12852 and 36358?
14
Calculate the greatest common factor of 996 and 31996020.
12
Calculate the greatest common divisor of 15678 and 816894.
234
What is the highest common factor of 125225296 and 1974?
658
Calculate the highest common factor of 117460060 and 20.
20
What is the greatest common divisor of 25619924 and 59?
59
Calculate the highest common factor of 24 and 1633134.
6
What is the greatest common divisor of 174006610 and 1498?
214
Calculate the highest common divisor of 3224134 and 176839.
223
Calculate the highest common factor of 44663 and 22656.
59
Calculate the greatest common factor of 3626237 and 4552.
569
What is the greatest common divisor of 31706 and 1418?
2
What is the highest common factor of 235 and 4476985?
235
Calculate the highest common factor of 29252253 and 7386.
3693
What is the highest common divisor of 1299497 and 1088?
17
Calculate the highest common divisor of 3638268 and 36.
36
What is the greatest common divisor of 108 and 7365978?
54
Calculate the highest common factor of 24064 and 2979424.
1504
What is the highest common factor of 69945458 and 176?
22
What is the greatest common factor of 444 and 134726250?
222
What is the greatest common divisor of 114030 and 70770?
210
Calculate the highest common divisor of 9352 and 424634.
14
Calculate the highest common factor of 1652 and 290708812.
236
What is the highest common factor of 3059 and 5142863?
19
Calculate the highest common divisor of 47039731 and 17.
17
Calculate the highest common divisor of 55377 and 227178.
189
What is the highest common divisor of 458675 and 29310643?
2621
Calculate the greatest common factor of 52504345 and 4545.
505
Calculate the greatest common factor of 21532880 and 446.
446
What is the greatest common divisor of 4242 and 98966?
14
What is the highest common factor of 15767988 and 20?
4
Calculate the greatest common divisor of 67972602 and 1416.
354
What is the highest common factor of 2243109 and 43329?
3333
What is the highest common divisor of 81 and 4407939?
81
Calculate the highest common divisor of 2638406 and 6634.
214
What is the greatest common factor of 101160 and 2280?
120
What is the greatest common factor of 5397733 and 2124?
59
What is the highest common divisor of 13144 and 3775800?
248
What is the highest common factor of 59892 and 2961089?
713
What is the highest common divisor of 557514 and 90522?
846
Calculate the highest common divisor of 10206 and 303660.
126
Calculate the highest common factor of 8855 and 3547635.
805
What is the highest common factor of 18621996 and 138?
138
What is the highest common factor of 576 and 1726560?
288
What is the highest common divisor of 1518 and 7706886?
1518
Calculate the greatest common factor of 393335259 and 1464.
183
Calculate the highest common divisor of 8500 and 2142340.
340
Calculate the highest common divisor of 130608227 and 1571.
1571
Calculate the greatest common divisor of 16576 and 11505536.
448
What is the highest commo